{"version":"1.0","provider_name":"K\u00f6nyv \u00e9s Toll","provider_url":"https:\/\/konyvestoll.cafeblog.hu","author_name":"K\u00f6nyv \u00e9s toll","author_url":"https:\/\/konyvestoll.cafeblog.hu\/author\/konyv_es_toll\/","title":"Cso\u00f3ri S\u00e1ndor eml\u00e9k\u00e9re","html":"<h3 style=\"text-align: center\">\u00a0 CSO\u00d3RI S\u00c1NDORRA EML\u00c9KEZTEK<\/h3>\r\n<div id=\"meta\" class=\"style-scope ytd-watch-flexy\">\r\n<div id=\"meta-contents\" class=\"style-scope ytd-watch-flexy\">\r\n<div id=\"container\" class=\"style-scope ytd-video-secondary-info-renderer\">\u00a0<\/div>\r\n<\/div>\r\n<\/div>\r\n<p>[embed]https:\/\/youtu.be\/2EbUyi5bTfU[\/embed]<\/p>\r\n<p>\u00a0 \u00a0Kilencven \u00e9vvel ezel\u0151tt sz\u00fcletett Cso\u00f3ri S\u00e1ndor (1930-2016) a magyar szellemi \u00e9let meghat\u00e1roz\u00f3 szem\u00e9lyis\u00e9ge, Esztergom V\u00e1ros D\u00edszpolg\u00e1ra. Ezen alkalomb\u00f3l zen\u00e9s versm\u0171sort rendeztek febru\u00e1r 9-\u00e9n, vas\u00e1rnap 16 \u00f3rakor a Kereszt\u00e9ny M\u00fazeumban.<\/p>","type":"rich"}

Könyv és Toll

Könyv és toll

Csoóri Sándor emlékére

<h3 style="text-align: center">  CSOÓRI SÁNDORRA EMLÉKEZTEK</h3>
<div id="meta" class="style-scope ytd-watch-flexy">
<div id="meta-contents" class="style-scope ytd-watch-flexy">
<div id="container" class="style-scope ytd-video-secondary-info-renderer"> </div>
</div>
</div>
<p>[embed]https://youtu.be/2EbUyi5bTfU[/embed]</p>
<p>   Kilencven évvel ezelőtt született Csoóri Sándor (1930-2016) a magyar szellemi élet meghatározó személyisége, Esztergom Város Díszpolgára. Ezen alkalomból zenés versműsort rendeztek február 9-én, vasárnap 16 órakor a Keresztény Múzeumban.</p>
